+ 0*w + 12 = 4*w, 0 = 2*g - 4*w. Let k = -4 - g. Suppose -4*h = h - k*a - 147, -2*a - 89 = -3*h. What is the remainder when h is divided by 10?
9
Let j = 18 - -66. Let w = -45 + j. Suppose -2*r + 39 = 5*g - 21, -3*r = 3*g - 27. Calculate the remainder when w is divided by g.
11
Suppose 0*c + 2*c = -44. Let l = c + 35. Let g = 37 + -12. Calculate the remainder when g is divided by l.
12
Let z be 31 - 2/(4 + -2). Suppose -z = -2*j + 8. What is the remainder when j is divided by 10?
9
Let d(v) = v + 8. Let k be d(-8). Suppose k*i - 4*i = -16. What is the remainder when 11 is divided by i?
3
What is the remainder when ((-152)/(-16))/(4/8) is divided by 10?
9
What is the remainder when (0 - 2)*1/(2/(-75)) is divided by 26?
23
Suppose t = 5*d - 5 - 2, -t = 5*d - 13. Suppose 5*j + 13 = 2*o, 0 = -d*o + 6*o + 2*j - 14. Let y = -10 - -21. Calculate the remainder when y is divided by o.
3
Suppose -2*s = 3*q - 2*q + 5, 0 = 2*s - 5*q - 25. Suppose -4*u + 12 = r - s, u + 82 = 4*r. Calculate the remainder when 36 is divided by r.
16
Let q = 27 - 12. Suppose 0*c = 3*c + 5*o - 144, 5*o = -c + 58. Calculate the remainder when c is divided by q.
13
Let y = 89 - 77. Suppose -6*m + 63 = -3*m. Calculate the remainder when m is divided by y.
9
Let m(x) = -x**2 + 4*x. Let h be m(4). Let p = h + 3. Calculate the remainder when p + 2*(-3)/6 is divided by 1.
0
Suppose 4*x = 5*c + 3*x - 59, -4*c - 3*x + 51 = 0. Let s = c + -7. What is the remainder when s is divided by 2?
1
Suppose 0*x - 2*x = 0. Let b(z) = z + x + 3 - 4. What is the remainder when 34 is divided by b(10)?
7
Suppose 2*l + 64 = -2*l. Let i = l + 32. What is the remainder when 46 is divided by i?
14
Let l = 36 - 33. Calculate the remainder when 16 is divided by l.
1
Suppose -2*z - 22 = -96. What is the remainder when z is divided by 13?
11
Suppose 0*i + 3*i - 75 = 0. What is the remainder when i is divided by 7?
4
Let i = 0 + 2. Let w(q) = -4*q**3 - 4*q**3 + 0*q**2 + q**i. What is the remainder when 17 is divided by w(-1)?
8
Let y(r) = 10*r**2 - r. What is the remainder when 33 is divided by y(1)?
6
Let a(p) = p**2 + 12*p + 14. Suppose 0*k = -2*m - 2*k - 28, 4*m - 3*k + 35 = 0. Let b be a(m). Let y = b + 2. Calculate the remainder when 12 is divided by y.
2
Let c = 35 + -18. Suppose 4*h - 4*y = -0*y + 148, -3*h - 2*y + 86 = 0. What is the remainder when h is divided by c?
15
Let j(t) = 2*t**2 + 8*t - 17. What is the remainder when 281 is divided by j(4)?
46
Let a(g) = g**3 + 7*g**2 - 3*g - 4. Let k be a(-7). Let c = k - 11. What is the remainder when 20 is divided by c?
2
Suppose -5 = 2*q + q + 5*y, y = -q - 3. Suppose -6*r = -r - 60. Calculate the remainder when ((-204)/(-30))/((-1)/q) is divided by r.
10
Suppose b + 186 = 4*b. Calculate the remainder when b is divided by 15/1 - (-1 - 0).
14
Let y(p) = 10*p - 17. Calculate the remainder when y(5) is divided by 11.
0
What is the remainder when 62 is divided by (37 - 39)*(-42)/4?
20
Suppose 0 = 2*p + 1 - 3. Suppose -4*i + 22 = 5*b, 0 = -b + 2*b + 3*i. What is the remainder when -1 + 4*(2 + p) is divided by b?
5
Let x be (-5)/((-5)/(-6)) + 1. Let o(v) = 2 - 2*v - 1 - 3 + 0*v. Calculate the remainder when 21 is divided by o(x).
5
Suppose -123 - 7 = -2*d. Let j = -3 - -6. Suppose j*w - d = -2*w. Calculate the remainder when w is divided by 5.
3
Let c = 0 + 5. Suppose c*m = 3*m + 36. What is the remainder when 35 is divided by m?
17
Let t(f) = -f**2 - 5*f + 7. Let c be t(-5). Suppose q = -2*g + 3*g + c, 5*g - 4*q + 32 = 0. Let y = g - -6. What is the remainder when y is divided by 2?
0
Let q = 0 + 0. Let f = q + 8. Calculate the remainder when 14 is divided by f.
6
Suppose -3*k + 9 + 13 = -5*y, k - 4*y + 2 = 0. What is the remainder when 26 is divided by k?
12
Let s(o) = -o**3 + 5*o**2 - 5*o + 4. Let q be s(4). Suppose -2*y - 5*z = y - 64, -4*y + 2*z + 68 = q. Calculate the remainder when 34 is divided by y.
16
Suppose -15 = -c - 4*c. Suppose 0 = -0*x - 5*x - 5*n + 145, c*n + 113 = 5*x. What is the remainder when x is divided by 9?
7
Suppose 9*b - 28 = 5*b. What is the remainder when b is divided by 4?
3
Let r(i) be the first derivative of 9*i**2/2 - 4*i + 3. What is the remainder when r(3) is divided by 12?
11
Suppose -5*z + 93 = -42. What is the remainder when z is divided by 15?
12
Suppose 121 = 3*w - 194. What is the remainder when w is divided by 36?
33
Suppose 0 = 2*q - 5*q. Suppose 4*j = -4*b + 56, -3*b + 7*b + 5*j - 56 = q. What is the remainder when 26 is divided by b?
12
Let x = -1 + -3. What is the remainder when x/(-14) - (-432)/7 is divided by (308/88)/(2 + 33/(-18))?
20
Suppose 0 = o - 2*o + 15. What is the remainder when ((-21)/(-2))/(6/16) is divided by o?
13
Let h be (-110)/(-14) + (-7)/(-49). Suppose 36 = -h*v + 12*v. Calculate the remainder when v is divided by 6.
3
Let y(m) = m**3 - 6*m**2 - 11*m + 10. Let t be y(7). Let o = t + 30. What is the remainder when o is divided by 7?
5
Suppose 0 = -o - 0*o + 21. Suppose z = -z - 10, 5*q - 295 = -3*z. Calculate the remainder when q is divided by o.
20
Calculate the remainder when 67 is divided by (-14)/(-21) + 40/3.
11
Let p(i) = 3*i**3 - 2*i**2 - 4*i. Let j be p(3). Suppose 103 + 44 = 3*l. Suppose j + l = 4*u. Calculate the remainder when u is divided by 7.
4
Suppose 2*z = o, -z - 2*z + 18 = 3*o. Suppose 0 = 3*p + 7 - 25. Let a = p - o. What is the remainder when 5 is divided by a?
1
Suppose 4*p + u + 15 = 0, -2*p + 5*p - 2*u + 14 = 0. Let v = 1 - p. What is the remainder when v is divided by 5*((-14)/10 - -2) - -1?
1
Suppose -90 = -6*w + 72. Calculate the remainder when w is divided by 17.
10
Let m = -21 - -37. Suppose -b = -2, 3*r + 5*b = -1 - 1. Let g = 5 - r. What is the remainder when m is divided by g?
7
Suppose 5*i - 248 = -3*i. Let d = -25 + 41. What is the remainder when i is divided by d?
15
Suppose 0 = -k + 162 - 25. Suppose 0 = -3*f - d - d + k, d = -2*f + 91. Calculate the remainder when f is divided by 23.
22
Let w(k) = -k**2 + 12*k + 17. What is the remainder when 12 is divided by w(13)?
0
Suppose -5*w + 126 = -19. What is the remainder when w is divided by 10?
9
Suppose 4*o = 7*o - 9. Calculate the remainder when o is divided by (8/(-2))/(-2 + 0).
1
Suppose 0 = l + 3*v - 10 + 3, v = 3*l - 11. Let k(o) = 5*o + 5. What is the remainder when k(l) is divided by 9?
7
Let z(o) = -9*o + o - o**2 - o + 2. Let j(p) = 5*p + 2. Let r be j(-2). Calculate the remainder when z(r) is divided by 6.
4
Let l = 4 - -4. What is the remainder when 36 is divided by l?
4
What is the remainder when 6*(38/6 + -1) is divided by 15 - (-3 - (2 + -3))?
15
Suppose 0 = s - 9 - 41. What is the remainder when s is divided by 25 + (3 + -5 - -3)?
24
Let i be -2*(-1)/(-2)*-5. Let v = 4 + i. What is the remainder when 17 is divided by v?
8
Let y = 5 + 1. Suppose 9*s - 30 = y*s. What is the remainder when 38 is divided by s?
8
Suppose f - 2*k = -f + 42, -2*f + 7 = 5*k. Let t = 77 + -46. What is the remainder when t is divided by f?
15
Let d(k) = -k**3 + 4*k**2 + 6*k - 3. Suppose 4*y - r = 28, -3*y + 0*r - 2*r + 32 = 0. Calculate the remainder when d(4) is divided by (11/6)/(y/48).
10
Suppose -2*v - 5*p + 39 = 0, -4*v + 5*p - 2 = -5. Let a = v + -3. Calculate the remainder when a is divided by -1 - (-12)/(-9)*-3.
1
Suppose 0 = -3*o - 12 + 30. Suppose -o*k = -3*k - 12. Calculate the remainder when k is divided by 2.
0
Let k = -182 - -440. What is the remainder when k is divided by 26?
24
Suppose 2*g - 4 = -0. Suppose 0 = -j + g*j - 9. What is the remainder when 33 is divided by j?
6
Let u(r) = -r**3 + 9*r**2 + 12*r - 12. Let z be u(10). Suppose -z = -n + 6. Let d = 18 + -10. What is the remainder when n is divided by d?
6
Let n(j) = j + 4. Let d be n(7). Suppose -w = -d - 17. Suppose -4*l - 4*a + 52 = 0, 3*l - l - 2*a = 14. Calculate the remainder when w is divided by l.
8
Let w be 5 + -4 + 2/2. Suppose -5*k = 5*o - 760, 1 = -w*o + o. Suppose -42 = -5*u + k. Calculate the remainder when u is divided by 10.
9
Suppose 3*q + 5*g + 34 = 0, 0*q - 5*g - 10 = -5*q. Suppose 80 = v + 10. Calculate the remainder when v is divided by 1*q*(0 - 8).
22
Let d = 3 - -29. What is the remainder when d is divided by 12?
8
Suppose -2*k + 3 + 3 = 3*i, 3*i - 3*k = 21. Let y = -11 - -10. Calculate the remainder when i is divided by (y - 1)